factor of f and 296?
74
Let t be (-4)/(28/(-3591)) - -4. What is the greatest common factor of 22 and t?
11
Suppose -64*k + 198 + 186 = 0. Calculate the highest common divisor of k and 15.
3
Suppose s + s = 3*o + 14, o = -2*s - 2. Let z = 422 - 426. Let f be z - -11 - (o - -2). Calculate the highest common divisor of 81 and f.
9
Let d be 16 + -13 + 1*261. Calculate the highest common divisor of 22 and d.
22
Let h(z) = -45*z - 2. Let s be h(-3). Let u = -415 + 422. Calculate the greatest common factor of s and u.
7
Suppose -27*z = -35*z + 336. What is the greatest common divisor of z and 126?
42
Let a be 570/24 + (-3)/(-12). Let o be 10/14 + (-8)/(-28). Let t be 120 - (2/2 - o). What is the highest common divisor of t and a?
24
Suppose 0 = 5*z - 4*g - 4, 3*z - 4*z + 5*g = 16. Let n be (z - 2) + -4 - (5 + -16). What is the highest common divisor of 117 and n?
9
Suppose 0 = z - 3*w + 1, -3 = -z - 2*w + 4*w. Suppose -154 = 57*l - 64*l. Calculate the greatest common factor of z and l.
11
Suppose 3*i = -2*w - 2*w + 232, -185 = -3*w - 5*i. What is the highest common divisor of w and 10?
5
Let s(w) = w**2 - 4*w + 3. Let u be s(7). Let c(q) = -q**3 - 2*q**2 + 2*q - 12. Let j be c(-6). What is the greatest common factor of u and j?
24
Let y = 933 + -855. Calculate the greatest common divisor of 12 and y.
6
Let j(n) = n**3 - 2*n**2 + n + 4. Let b(d) = -d**3 - 3*d**2 + 4*d + 3. Let l be b(-4). Let c be j(l). What is the greatest common divisor of c and 4?
4
Let w be (2 - 20/12)*834. Let c = w + -3. What is the greatest common divisor of c and 25?
25
Suppose 0 = 2*g + n - 183, -2*n - 55 + 151 = g. What is the highest common factor of 45 and g?
45
Suppose 0*v - 6 = -v. Suppose 0 = b + 4, 5*u + 2*b - v - 31 = 0. Calculate the highest common divisor of u and 63.
9
Let l be (2/4*-54)/(-3). What is the greatest common divisor of 81 and l?
9
Let y be -1*(-11)/1 - 2. Let s(x) = 74*x + 1857. Let g be s(-24). What is the highest common divisor of g and y?
9
Let x = -503 - -526. Suppose r - 3*q = -q + 201, 3*r - 624 = -q. What is the highest common divisor of x and r?
23
Suppose 0 = -9*c + 44*c - 26180. Calculate the greatest common divisor of 44 and c.
44
Suppose 27 = 15*a - 12*a. Suppose w - 8 + a = 0. Let r(h) = -15*h. Let q be r(w). What is the greatest common divisor of 3 and q?
3
Let a be (370/6)/(5 - (-42)/(-9)). Calculate the greatest common divisor of 5 and a.
5
Let m(u) = u**3 - 5*u**2 - 4*u. Let f = -6 - -12. Let o = 12 - f. Let k be m(o). What is the highest common divisor of 84 and k?
12
Suppose -5*r + 4*o + 20 = -20, -5*r + 5*o = -45. Suppose 65 + 11 = r*s - 2*i, 2*s - 2*i = 40. What is the highest common factor of 63 and s?
9
Suppose -o + 196 = -0*o - 2*g, -o - 5*g = -210. What is the highest common factor of 4 and o?
4
Let x(o) = o. Let u be x(5). Suppose 0 = 4*s + 1 + 27. Let c(d) = -d**3 - 6*d**2 + 4*d + 14. Let k be c(s). What is the greatest common factor of k and u?
5
Suppose -222*y + 220*y = -84. What is the greatest common divisor of 273 and y?
21
Suppose -12 + 69 = 5*m + 3*k, -k - 61 = -5*m. Suppose -a - 7 = -m. What is the greatest common divisor of a and 5?
5
Suppose 4*h + x = 53, 4*h - x - 7 - 36 = 0. Let t be (-4)/h*(-2 - 13). Suppose 0*r - r + 35 = 0. Calculate the highest common factor of r and t.
5
Let u(c) = -c**2 + 19*c + 1. Let g be u(17). Let l be 28/g - (-271)/5. Calculate the highest common divisor of l and 5.
5
Suppose 17 = -4*g - 3*u + 63, -3*g = 4*u - 38. Let r be (-108)/(-30) + 4/g. Let f be (-644)/(-16) + (-1)/r. Calculate the highest common factor of f and 16.
8
Let s = 286 + -166. What is the highest common divisor of 24 and s?
24
Let s = 5914 - 5844. Suppose -20 = -4*w, 3*f + w - 104 = -3*w. Calculate the highest common divisor of s and f.
14
Suppose 39*f = -6*f + 405. Suppose 18 = 2*q - q. What is the greatest common factor of f and q?
9
Let f = -54 + 51. Let r be 39/2 + f/2. Calculate the highest common factor of 54 and r.
18
Suppose z = 3*c - 424, 2*z + 213 = 3*c - 215. What is the greatest common divisor of c and 245?
35
Suppose 29 = -s + 5*s - o, 4*o = 3*s - 25. Let u be 2/s + 388/14. What is the highest common factor of 7 and u?
7
Let i = -34 + 310. Calculate the highest common factor of i and 24.
12
Let v be (-2*1)/(-1*(-3 - -5)). Let h be (v + 148/8)*6. What is the highest common factor of h and 9?
9
Let y be (18/(-8))/(6/32). Let r = y + 20. What is the greatest common factor of r and 24?
8
Suppose 81 = -z + 89. Let l be 1/2*(118 - z). Suppose -f + 2*b = -28, f - 6*b + 2*b = 34. Calculate the greatest common factor of f and l.
11
Suppose 35 = 16*i - 349. What is the greatest common divisor of 33 and i?
3
Let r be (-2)/(1682/(-336) - -5). Suppose -31*l + r = -23*l. Calculate the highest common divisor of l and 56.
14
Let w be (198/(-77))/(1/(-28)). Suppose w = 3*u - 3. Calculate the greatest common factor of u and 100.
25
Suppose 7*t + 414 - 3256 = 0. Calculate the greatest common divisor of t and 28.
14
Let f = -278 - -292. What is the greatest common divisor of 49 and f?
7
Let y = 868 + -505. Let d(b) = -2*b**3 - 7*b**2 - 6*b - 7. Let c be d(-4). Calculate the greatest common factor of y and c.
33
Let g = 75 + -20. Let f = g - 35. Let v(d) = d + 2. Let z be v(8). Calculate the highest common divisor of z and f.
10
Let l = -6 - -16. Let v(k) be the third derivative of 5*k**4/24 - k**3/6 - 11*k**2. Let q be v(1). What is the highest common factor of l and q?
2
Let p(q) = 8*q - 4. Let o be p(4). Suppose -a + 21 = 3*y, -5*a + o + 1 = -4*y. Calculate the highest common factor of a and 45.
9
Suppose 21 = 5*c + s - 49, c - 2*s - 25 = 0. Let a be 6/27 - 1292/(-18). Let b = a + 63. What is the greatest common factor of b and c?
15
Let l(a) = 48*a - 5. Let t be l(-4). Let h = 337 + t. What is the greatest common factor of 20 and h?
20
Let s(c) = c**3 + 4*c**2 - 8*c - 6. Let q be s(-5). Suppose -2*h + 6*h - 32 = 0. Suppose 9*n - 45 = h*n. What is the greatest common divisor of q and n?
9
Suppose 4*b = -2*m + 668, 0 = -m + 3*b + 121 + 218. What is the highest common divisor of m and 84?
84
Let k = -134 - -169. Suppose 2*h + 0*h - 3*v - k = 0, -5*h + 4*v + 84 = 0. Calculate the greatest common divisor of 24 and h.
8
Let v = 7 - 102. Let q be -3*v/(-75)*-5. What is the highest common factor of 57 and q?
19
Let r be (240/(-200))/(166/(-80) + 2). What is the greatest common divisor of r and 5?
1
Let s be 17 + 0*(-2)/(-2). Let y(k) = 11*k**2 + 9*k - 4. Let m be y(-4). Calculate the greatest common divisor of m and s.
17
Let v(z) = 3*z**3 + 4*z**2. Let a be v(-3). Let l = 76 - a. What is the greatest common divisor of 11 and l?
11
Let c(k) = -k**2 - 10*k + 23. Let j be c(-12). Let y be -10*(-1 + (j - 1) + -2). What is the greatest common factor of y and 350?
50
Suppose -6*g = -10*g - 44. Let y be 2*(-3 - (g - -2)). Calculate the highest common divisor of 4 and y.
4
Suppose 0 = -0*y + 4*y - 16. Let q be (-6)/(-1) + (y - 0). Let d(f) = f**2 + f - 10. Let z be d(9). What is the highest common factor of q and z?
10
Let q(c) = -44*c - 391. Let b be q(-11). Calculate the highest common factor of b and 12.
3
Let g(f) = 2*f**2 - f + 5. Let b = 19 - 28. Let l be g(b). Suppose -z + l = 3*z. What is the highest common divisor of z and 11?
11
Suppose 9*c - 1764 = -3*c. Suppose 61 + 2 = 3*y. What is the greatest common divisor of c and y?
21
Let r be (-5945)/(-20) - -7 - 3/12. Calculate the greatest common divisor of r and 32.
16
Let t(n) = 2*n**2 - 28*n + 160. Let h be t(16). Calculate the highest common divisor of h and 21.
7
Let t be ((-69)/6 - -1)*(-44)/33. What is the highest common divisor of t and 21?
7
Suppose 29*d = 41*d - 144. Suppose t + l = 6*t + 185, 2*t + 62 = -2*l. Let m = 12 - t. What is the greatest common factor of m and d?
12
Let w(f) = f - 11. Let m be w(16). Suppose 265 = 5*v - m*s, -s - 7 + 2 = 0. What is the highest common divisor of v and 32?
16
Let s be (129/3 - -3)/1. Suppose 3*d = 8 + s. Calculate the greatest common factor of d and 6.
6
Let c be -1 + ((-40)/(-2))/5. Suppose 5*m - 144 = -c*m. What is the highest common divisor of m and 24?
6
Let q = -5 - -11. Let k be (27/6)/(-3 + (-270)/(-88)). What is the highest common divisor of k and q?
6
Let i be 1/(-2) + 97/2. Let k be ((-9)/6)/(18/(-288)). What is the g